4 + 0 - 32*g. Determine i(5).
2
Let d(u) be the third derivative of u**6/120 + u**5/10 + 7*u**4/24 + u**3/6 + 161*u**2 - 3*u. Let a be (-19)/4 + 3/(-12). What is d(a)?
-9
Let f(p) = -p**3 - 3*p**2 + 2*p + 6. Let r(h) be the first derivative of -h**4/4 + h**3 - 3*h**2/2 - 2*h - 81. Let s be r(2). What is f(s)?
14
Let s(r) = -7*r - 1. Let w(a) = 5*a - 23. Let u(g) = -39*g + 208. Let t(y) = 3*u(y) + 26*w(y). Let q(l) = -2*s(l) - t(l). Determine q(27).
3
Let y(x) be the third derivative of x**4/24 - 19*x**3/6 + 548*x**2. What is y(6)?
-13
Let c(u) = 5*u - 10. Let n(m) = -11*m + 26. Let f(y) = 7*c(y) + 3*n(y). Give f(-9).
-10
Let v(q) be the second derivative of -q**4/12 + 5*q**3/6 + 3*q**2 - 5910*q. Let h = 15 + -10. Determine v(h).
6
Let i(x) = 2*x + 4. Let g(j) = -1. Let a(l) = -5*g(l) + i(l). Suppose 13 = 14*u + 111. Calculate a(u).
-5
Suppose -4*c = 4, 0 = -3*m + 2*m - 4*c. Let h(o) = -5*o**2 + 7*o + 4. Let d(v) = 4*v**2 - 7*v - 1. Let f(p) = m*d(p) + 3*h(p). Give f(4).
-4
Let v(p) = -2*p + 525. Let i(y) = -y + 196. Let o(h) = -8*i(h) + 3*v(h). Suppose -2 = 3*m - 5*b, 5*m + 28 = b + 10. Let a = m + -3. Determine o(a).
-7
Let k(m) = m - 131. Let i(j) = 399. Let y(p) = -5*i(p) - 14*k(p). What is y(-12)?
7
Let y(u) = -4*u - 1. Let d(b) = -b**3 + 4*b**2 + 4*b + 7. Let w be d(5). Suppose 0 = 4*q + w*x - 8 - 286, 3 = -x. Let n = q + -76. Calculate y(n).
3
Suppose 4*q + 7 = 3. Let n = 166 - 165. Let c(o) = o - n + 14*o - 7*o. What is c(q)?
-9
Let q(i) = 6 + 5*i**2 + 2635605*i - i**3 + 0*i**3 - 2635600*i. Let r(u) = 4 + 6*u + 3*u - u**3 - 8*u**2 + 2. Let x be r(-9). Determine q(x).
0
Let p(w) be the first derivative of w**3/3 - 2*w**2 - 8*w - 4433. Calculate p(-2).
4
Suppose -10 = -u + 2*z, 2*z = 2*u + 3*u - 18. Let f be -4 + 2 - (u - 6). Suppose -4*g - f*l + 32 = 0, 5*g - 20 = -2*l + 18. Let s(k) = -k - 5. Determine s(g).
-11
Suppose -3*p = 2*c - 23, 9*p - 5*p = 20. Let g(w) = -c + 4336*w - 4331*w + 0. What is g(-5)?
-29
Suppose -5*k - 1792 = -3062. Let o(v) = -2 + 256*v - 765*v + k*v + 254*v. Determine o(3).
-5
Let k(i) = -3*i**3 - 3*i**2 - 3*i - 9. Let x(a) = a**3 - a**2 - 1. Let f(s) = -k(s) + 5*x(s). What is f(-1)?
-9
Let f(x) = 2*x**2 + 6*x. Let c = -504 - -502. Let w be (-4 + c)*(-12)/(-18). What is f(w)?
8
Let h(i) = i - 14. Suppose -5*q - 8 = -3*q, 4*k - 3*q - 68 = 0. Suppose -k*v + 49 = -7*v. Calculate h(v).
-7
Let z(n) be the first derivative of -n**4/4 + 4*n**3/3 + 2*n**2 + 2*n - 3. Let y be (0/(-9))/(-1 + 0) - 1. Let a be ((-44)/(-33))/(y/(-3)). What is z(a)?
18
Let d be (-42)/21*((-17)/2 - 2). Let u(h) = h**2 - 25*h + 79. Let s be u(d). Let l(o) = -o + 1. Let k(i) = 3*i + 7. Let q(p) = k(p) + 2*l(p). What is q(s)?
4
Let t = -7317 + 14635/2. Let k(o) be the second derivative of 4*o + 0 - o**4 - t*o**2 + 1/6*o**3. Give k(1).
-12
Let a(m) be the first derivative of 7*m**2/2 - 62*m + 8541. Give a(8).
-6
Let c(r) = 55*r**2 - 3*r - 3. Let f be 6/(-14) - (144/(-42) + 4). Let x be c(f). Let v = -50 + x. Let w(b) = -b**2 + 3*b + 6. What is w(v)?
-4
Let j(l) = -l**2 + 7*l + 5. Let q(v) = 8*v**2 - 43*v + 19. Let x(o) = 2*j(o) + q(o). Determine x(3).
-4
Let b = 12615 - 12623. Let y(i) = -4*i - 30. Determine y(b).
2
Let o(z) = -z**3 + 26*z**2 + 27*z - 7. Let j = -12455 + 12482. What is o(j)?
-7
Suppose -15*q - 8*q - 504 = -5*q. Let l(b) = b**2 + 33*b + 141. What is l(q)?
1
Let b(g) = 43*g + 2*g + 4 - 13*g - 23*g. Give b(4).
40
Let y(h) = 7*h + 6. Let s be (-11 - -7 - -22)*21/63. Calculate y(s).
48
Let j(g) be the third derivative of 5/24*g**4 + 4*g**2 + 1/6*g**3 + g + 0. Calculate j(1).
6
Let s(k) = -5*k - 4*k - 90*k**2 - 45 - 6*k + 91*k**2. Give s(19).
31
Let a(u) = -3*u**3 + 13*u - 13*u**2 + 4 - 3 + u**3 + u**3. Let q(c) = 2*c**3 + 38*c**2 + c + 5. Let t be q(-19). Determine a(t).
15
Suppose 4*t + 20 = m, -36 = -m - 0*m - 4*t. Let d = 25 - m. Let k(a) be the second derivative of a**3/3 + 2*a**2 - 290*a. Determine k(d).
-2
Let b(n) = -3*n**2 + 3*n - 1. Let z(c) be the second derivative of 20*c + 2*c**3 + 0 - 57/2*c**2. Let t be z(5). Determine b(t).
-19
Let j(y) = -59*y + 8. Let i be j(-1). Suppose i = -6*x + 7. Let n(q) = -q**3 - 10*q**2 - 7. What is n(x)?
-7
Let m(y) = -y**3 + 3*y**2 - 2*y. Let v(i) = -21*i + 129. Let r be v(6). Suppose -7*k = r*k - 20. What is m(k)?
0
Let u(s) = -159 + 156 - 10*s**2 + 11*s**2 - s. Suppose -4*a = -3*a - 4. Suppose a*l - 5*l = 3. What is u(l)?
9
Let v(w) = w - 19. Let n(o) = 6*o**3 + 9*o + 2*o**3 + 12*o**2 + 6 - 7*o**3 - 2*o**2. Let i be n(-9). Calculate v(i).
-13
Let h(t) = 3*t + 20 + 0 + 0. Let q = 101 - 108. Calculate h(q).
-1
Let v(r) be the third derivative of 1/24*r**4 + 0 + 0*r - 82*r**2 - 1/2*r**3. Calculate v(5).
2
Suppose 0 = -u - 5*a + 17, 0 = -3*u + 4*a - 9*a + 21. Let w = 373 + 112. Let z(v) = -484 - v + w + 2*v. What is z(u)?
3
Let p(z) = z - 23. Suppose -254 - 526 = -52*v. Determine p(v).
-8
Let l(o) = -o**3 + 5*o**2 + o + 20. Let r = 22322 - 22316. Determine l(r).
-10
Let j = 709/1286 - 33/643. Let h(q) be the first derivative of j*q**2 + 5*q + 20. Determine h(-5).
0
Let v(j) = j**3 + 6*j**2 + 5*j + 27. Let t = 12906 - 12912. Give v(t).
-3
Let q(o) = o - 1. Suppose -14 = -3*w + 4*c, -4*w + c = -1 + 4. Let h be 1 + w - (2 - 8). Let f be h*((-3)/(-15) - -1). Give q(f).
5
Let k be 63/42*(-14)/(-3). Let b(f) = k*f**2 + 2*f - 6*f**2 - f + 1 + 6*f**3 - 2*f**2. Give b(-1).
-7
Let c = 180 + -177. Suppose 3*x - 2 = x - 3*m, 0 = -x - m + c. Let y(o) be the first derivative of o**4/4 - 8*o**3/3 + 3*o**2 + 3*o + 1. Determine y(x).
-4
Suppose 0 = -77*f + 81*f - 52. Suppose 10*h + 3 = f*h. Let j(g) = 5*g + 3*g + 4*g - 16*g - h. Determine j(-4).
15
Let f be (-8)/2*(-2)/4. Let a(b) = 3*b - 2*b + 0*b**f - 3 - b**2 - 2*b. What is a(-4)?
-15
Let i = 1362 + -920. Suppose 414 - i = 4*j. Let c(y) = -y**3 - 7*y**2 + 2*y + 1. What is c(j)?
-13
Let g = 3600 - 3597. Let y(t) = 2*t + 1. Let o(l) = 3*l. Let x(z) = -7*z. Let s(q) = -9*o(q) - 4*x(q). Let j(p) = g*s(p) - y(p). Give j(-1).
-2
Suppose 166 + 66 = -11*d + 2*f, -5*d + 4*f = 90. Let p(r) = -3*r**2 - 65*r + 25. Calculate p(d).
3
Suppose 3*u + 3 = -3*t, t + 1 = -3*t - u. Let w(z) = 2*z + t*z - 2*z**2 - 2 + 6*z**2 - z**3. Let b be 3*-2*100/(-120). Give w(b).
-17
Let k(m) be the third derivative of -m**5/30 - m**4/12 + 2*m**3/3 + 3*m**2 + 10*m. Suppose -72*u = -52*u - 60. Give k(u).
-20
Let h = 250 - 248. Let m(q) = 3*q - 1 + 20*q**2 + 2*q - h*q - 4*q. Determine m(-1).
20
Let i(t) = -t**3 + 5*t**2 - 2*t + 6. Suppose -w + 3*d = -30 + 20, -5*d = w + 6. Give i(w).
14
Let d(i) be the first derivative of 0*i**2 - 154 - 2*i**3 - i - 1/4*i**4. Determine d(-6).
-1
Let d be (2 - 3) + (-2 - -1). Let k(x) = -27*x + 8. Let b(i) = 23*i - 7. Suppose 42 = 3*t + 24. Let o(p) = t*b(p) + 5*k(p). Calculate o(d).
-8
Let i(n) = -6*n - 9. Suppose 4*y + 2*q - 135 = q, -4*y + q + 145 = 0. Suppose -7*v - y = -12*v. Let f(b) = -3*b - 5. Let p(h) = v*f(h) - 4*i(h). Calculate p(1).
4
Let u(k) be the second derivative of k**5/20 + k**4/2 + 2*k**3/3 + 3*k**2/2 + 1249*k. Suppose -3*i + f - 13 = 0, -29 = 5*i + 4*f - 2*f. Give u(i).
8
Let m(o) be the second derivative of o**3 - 7*o**2/2 + 4*o + 2. Let f be m(0). Let k(x) = -x**3 - 6*x**2 + 7*x + 9. Determine k(f).
9
Let v(f) = f + 4. Suppose -8*l + 6*l + 4*l + 2*l = 0. Give v(l).
4
Let x(z) = 3*z**2 - 5*z + 15. Let t = 5333 + -5330. Give x(t).
27
Suppose -5*a - 2*y + 5 + 7 = 0, 0 = -3*a - y + 8. Let s(f) be the first derivative of -f**2/2 + f - 1689. What is s(a)?
-3
Let o(l) = -68*l**3 + 3*l**2 - l - 1. Let v be o(1). Let t = -64 - v. Let d be (-102)/(-21) - t/(-42)*2. Let f(q) = -q - 4. Give f(d).
-9
Let r(c) = -65*c - 68*c + 204*c - 70*c. Let f(m) = m**3 + 5*m**2 + m - 3. Let w(n) = f(n) - 3*r(n). What is w(-5)?
7
Let i(p) = -4*p - 27. Let k be 112/336 - ((-23)/3 - 3). Determine i(k).
-71
Let y(u) = -122 - 140 + 430 - 110 - 46*u + 2*u**2. Give y(21).
-26
Let i(m) be the third derivative of 0*m + 0*m**3 + 13/24*m**4 - 30*m**2 + 0. Determine i(1).
13
Let f(u) be the third derivative of u**6/120 + u**5/5 - 11*u**3/3 + 4*u**2 + 149. Give f(-12).
-22
Let k(b) = 4*b**2 + 6*b + 1. Let g(n) = -7*n**2 - 11*n - 2. Let z(v) = -6*g(v) - 11*k(v). Let d(c) be the first derivative of z(c). Calculate d(-1).
4
Let c = -95 + 90. Let d(q) = 26*q**3 + 4*q**2 + 6. Let